{"id":1264,"date":"2026-03-03T19:15:05","date_gmt":"2026-03-03T19:15:05","guid":{"rendered":"https:\/\/kentmedikalstore.com\/?post_type=product&#038;p=1264"},"modified":"2026-03-03T19:15:05","modified_gmt":"2026-03-03T19:15:05","slug":"wicromed-el-bilek-bandaji-orgu-ortopedik-sport-unisize","status":"publish","type":"product","link":"https:\/\/kentmedikalstore.com\/?product=wicromed-el-bilek-bandaji-orgu-ortopedik-sport-unisize","title":{"rendered":"Wicromed El Bilek Bandaj\u0131 \u00d6rg\u00fc Ortopedik Sport Unisize"},"content":{"rendered":"<p>El bile\u011finin a\u011fr\u0131l\u0131 durumlar\u0131nda hareket k\u0131s\u0131tlamas\u0131 sa\u011flar ve iyile\u015fme s\u00fcrecine yard\u0131mc\u0131 olur.Standart \u00dcr\u00fcnd\u00fcr Small ve 2XL aras\u0131 bedenlere uygundur.<\/p>\n","protected":false},"excerpt":{"rendered":"<p>El bile\u011finin a\u011fr\u0131l\u0131 durumlar\u0131nda hareket k\u0131s\u0131tlamas\u0131 sa\u011flar ve iyile\u015fme s\u00fcrecine yard\u0131mc\u0131 olur.Standart \u00dcr\u00fcnd\u00fcr Small ve 2XL aras\u0131 bedenlere uygundur<\/p>\n","protected":false},"featured_media":1265,"comment_status":"open","ping_status":"closed","template":"","meta":[],"product_brand":[92],"product_cat":[90],"product_tag":[],"class_list":{"0":"post-1264","1":"product","2":"type-product","3":"status-publish","4":"has-post-thumbnail","6":"product_brand-wicromed","7":"product_cat-ortopedi","9":"first","10":"instock","11":"shipping-taxable","12":"purchasable","13":"product-type-simple"},"_links":{"self":[{"href":"https:\/\/kentmedikalstore.com\/index.php?rest_route=\/wp\/v2\/product\/1264","targetHints":{"allow":["GET"]}}],"collection":[{"href":"https:\/\/kentmedikalstore.com\/index.php?rest_route=\/wp\/v2\/product"}],"about":[{"href":"https:\/\/kentmedikalstore.com\/index.php?rest_route=\/wp\/v2\/types\/product"}],"replies":[{"embeddable":true,"href":"https:\/\/kentmedikalstore.com\/index.php?rest_route=%2Fwp%2Fv2%2Fcomments&post=1264"}],"wp:featuredmedia":[{"embeddable":true,"href":"https:\/\/kentmedikalstore.com\/index.php?rest_route=\/wp\/v2\/media\/1265"}],"wp:attachment":[{"href":"https:\/\/kentmedikalstore.com\/index.php?rest_route=%2Fwp%2Fv2%2Fmedia&parent=1264"}],"wp:term":[{"taxonomy":"product_brand","embeddable":true,"href":"https:\/\/kentmedikalstore.com\/index.php?rest_route=%2Fwp%2Fv2%2Fproduct_brand&post=1264"},{"taxonomy":"product_cat","embeddable":true,"href":"https:\/\/kentmedikalstore.com\/index.php?rest_route=%2Fwp%2Fv2%2Fproduct_cat&post=1264"},{"taxonomy":"product_tag","embeddable":true,"href":"https:\/\/kentmedikalstore.com\/index.php?rest_route=%2Fwp%2Fv2%2Fproduct_tag&post=1264"}],"curies":[{"name":"wp","href":"https:\/\/api.w.org\/{rel}","templated":true}]}}