{"id":1153,"date":"2026-02-27T19:18:11","date_gmt":"2026-02-27T19:18:11","guid":{"rendered":"https:\/\/kentmedikalstore.com\/?post_type=product&#038;p=1153"},"modified":"2026-02-27T19:18:36","modified_gmt":"2026-02-27T19:18:36","slug":"solgar-selenium-100-mcg-100-tablet","status":"publish","type":"product","link":"https:\/\/kentmedikalstore.com\/?product=solgar-selenium-100-mcg-100-tablet","title":{"rendered":"Solgar Selenium 100 mcg 100 Tablet"},"content":{"rendered":"<h2><strong>Solgar Selenium 100 mcg 100 Tablet<\/strong><\/h2>\n<p><strong>\u00dcr\u00fcn Ad\u0131:<\/strong><br \/>\nSolgar Selenium 100 mcg 100 Tablet<\/p>\n<p><strong>\u00dcr\u00fcn Markas\u0131:<\/strong><br \/>\nSolgar<\/p>\n<p><strong>\u00dcr\u00fcn Boyutu:<\/strong><br \/>\n100 Tablet<\/p>\n<p><strong>\u00d6zet Bilgi:<\/strong><br \/>\nBir tablette 100 mg Selenyum i\u00e7eren takviyedir.<\/p>\n<p><strong>Kullan\u0131m \u015eekli:<\/strong><br \/>\nYeti\u015fkinler i\u00e7in, tercihen yemek zaman\u0131, g\u00fcnde bir (1) tablet.<br \/>\nBol su ile al\u0131n\u0131z.<\/p>\n<p><strong>Uyar\u0131lar:<\/strong><\/p>\n<ul>\n<li><b>\u0130la\u00e7 De\u011fildir:<\/b>\u00a0Hastal\u0131klar\u0131n \u00f6nlenmesi veya tedavi edilmesi amac\u0131yla kullan\u0131lmaz.<\/li>\n<li>Takviye edici g\u0131dalar normal beslenmenin yerine ge\u00e7mez.<\/li>\n<li>Hastal\u0131k veya ila\u00e7 kullan\u0131m\u0131 durumunda doktorunuza dan\u0131\u015f\u0131n.<\/li>\n<\/ul>\n<p><strong>Takviye Edici G\u0131da Onay Numaras\u0131:<\/strong><br \/>\n000081-03.12.2014<\/p>\n<p><strong>Men\u015fe \u00dclke:<\/strong><br \/>\nAmerika Birle\u015fik Devletleri<\/p>\n<p><strong>\u00dcr\u00fcn Bile\u015fimi Tablosu:<\/strong><\/p>\n<table border=\"1\" cellspacing=\"0\" cellpadding=\"0\">\n<colgroup>\n<col width=\"254\" \/>\n<col width=\"127\" \/>\n<col width=\"64\" \/><\/colgroup>\n<tbody>\n<tr>\n<td height=\"20\"><strong>Takviye Edici G\u0131da Profili<\/strong><\/td>\n<td><strong>1 Tablette<\/strong><\/td>\n<td><strong>%BRD*<\/strong><\/td>\n<\/tr>\n<tr>\n<td height=\"20\">Selenyum<\/td>\n<td>100 ug<\/td>\n<td align=\"right\">182<\/td>\n<\/tr>\n<\/tbody>\n<\/table>\n<p><strong>\u00dcr\u00fcn Bile\u015fimi:<\/strong><br \/>\nHacim artt\u0131r\u0131c\u0131lar (dikalsiyum fosfat, mikrokristalin sel\u00fcloz), topaklanmay\u0131 \u00f6nleyiciler (ya\u011f asitlerinin magnezyum tuzlar\u0131, silikon dioksit), stabiliz\u00f6r (\u00e7apraz ba\u011fl\u0131 sel\u00fcloz gam).<\/p>\n","protected":false},"excerpt":{"rendered":"<p>Bir tablette 100 mg Selenyum i\u00e7eren takviyedir.<\/p>\n","protected":false},"featured_media":1154,"comment_status":"open","ping_status":"closed","template":"","meta":[],"product_brand":[84],"product_cat":[73],"product_tag":[],"class_list":{"0":"post-1153","1":"product","2":"type-product","3":"status-publish","4":"has-post-thumbnail","6":"product_brand-solgar","7":"product_cat-vitaminler","9":"first","10":"instock","11":"shipping-taxable","12":"purchasable","13":"product-type-simple"},"_links":{"self":[{"href":"https:\/\/kentmedikalstore.com\/index.php?rest_route=\/wp\/v2\/product\/1153","targetHints":{"allow":["GET"]}}],"collection":[{"href":"https:\/\/kentmedikalstore.com\/index.php?rest_route=\/wp\/v2\/product"}],"about":[{"href":"https:\/\/kentmedikalstore.com\/index.php?rest_route=\/wp\/v2\/types\/product"}],"replies":[{"embeddable":true,"href":"https:\/\/kentmedikalstore.com\/index.php?rest_route=%2Fwp%2Fv2%2Fcomments&post=1153"}],"wp:featuredmedia":[{"embeddable":true,"href":"https:\/\/kentmedikalstore.com\/index.php?rest_route=\/wp\/v2\/media\/1154"}],"wp:attachment":[{"href":"https:\/\/kentmedikalstore.com\/index.php?rest_route=%2Fwp%2Fv2%2Fmedia&parent=1153"}],"wp:term":[{"taxonomy":"product_brand","embeddable":true,"href":"https:\/\/kentmedikalstore.com\/index.php?rest_route=%2Fwp%2Fv2%2Fproduct_brand&post=1153"},{"taxonomy":"product_cat","embeddable":true,"href":"https:\/\/kentmedikalstore.com\/index.php?rest_route=%2Fwp%2Fv2%2Fproduct_cat&post=1153"},{"taxonomy":"product_tag","embeddable":true,"href":"https:\/\/kentmedikalstore.com\/index.php?rest_route=%2Fwp%2Fv2%2Fproduct_tag&post=1153"}],"curies":[{"name":"wp","href":"https:\/\/api.w.org\/{rel}","templated":true}]}}